Let z = 61 - 58. Let j(q) = -2*q + 10. Let x be j(z). Is 6 a factor of v(x)?
False
Let i = 43 + -43. Suppose i = 3*j - 334 + 37. Is 13 a factor of j?
False
Let c(h) = -2*h**2 - 14*h - 9. Let x be c(-6). Let n be (-30)/(-8)*4/x. Suppose n*w - 330 = -3*m + 61, 2*w = -m + 130. Is m a multiple of 10?
False
Suppose -10779 - 6295 - 8154 = -7*r. Is r a multiple of 34?
True
Suppose z = -4*z - 5. Let c(r) = -r**2 + 28*r - 155. Let t be c(8). Is 9/((-5)/(t/z)) a multiple of 2?
False
Let n(h) = 5*h - 45. Let q be n(13). Let d(l) = -55*l - 26 - l**3 - q*l**2 - 6*l**2 - 26. Is 29 a factor of d(-24)?
True
Suppose -2*z - 2*s - 1060 = -4*z, z - 532 = -s. Let t = z - 289. Let j = t + -114. Does 15 divide j?
False
Suppose 39*c - 22699 = 17198. Is c a multiple of 31?
True
Let m = 306 - -604. Suppose -3*x + 10*x = m. Is 7 a factor of x?
False
Let q = -800 - -1413. Let s be q - 4 - 20/5. Suppose -6*m + m = -s. Is m a multiple of 22?
False
Suppose -20 = -4*v, -8*b - 68 = -12*b + 4*v. Suppose 2101 + 517 = b*c. Is 7 a factor of c?
True
Suppose -27754 = -8*m + 9614 - 10872. Is m a multiple of 5?
False
Suppose -3*v = -k + 129, 5*v + 222 = -3*k + 7*k. Is 52 a factor of 86/4*17 - 21/v?
False
Let p(d) = d**2 - d - 2. Let t be p(-1). Let q be (-1 - -4)*(t + -51 + 4). Let c = q - -273. Is c a multiple of 23?
False
Let a(b) = 545*b**2 + 228*b + 707. Is a(-3) a multiple of 56?
True
Let p = 47 - 45. Suppose -p = -3*o + o. Let t(h) = 81*h**2 - 1. Is 12 a factor of t(o)?
False
Suppose 11*q = 403 + 422. Is 6 a factor of q?
False
Let n be (6 + (-48)/4)/(-2). Suppose q + 17 = 4*k + 310, n*q = -2*k + 921. Is 61 a factor of q?
True
Suppose -27 = -l + 5*d, 0*l - 37 = -3*l + 4*d. Let v = l - 5. Suppose 5*z + 4*t - 112 = 0, v*z + 3*z + 3*t = 114. Is 6 a factor of z?
True
Let d(t) = 38*t - 61. Let w be d(-9). Let v = 491 + w. Is v a multiple of 4?
True
Let m = -96 + 119. Suppose m*q = 20*q + 759. Is 16 a factor of q?
False
Let p be (-1264)/(-48) + -17 + (-4)/(-6). Let m(r) = -r**3 + 8*r**2 + 3*r - 4. Let b be m(5). Let q = b - p. Is 19 a factor of q?
True
Let n(q) be the third derivative of -7*q**6/30 + q**5/60 - q**4/12 - q**3/3 - 13*q**2. Let b be n(-1). Suppose -35*d = -b*d - 360. Does 11 divide d?
False
Let x be 15/4 + ((-100)/(-16) - 6). Let i(k) = -19 - k**3 + 0*k**3 + 32 + k - x*k**2. Is i(-5) a multiple of 29?
False
Let u(b) = -3*b**2 - 4*b - 6. Let k(w) = w - 5. Let m be k(3). Let q be u(m). Does 15 divide ((-5)/q + -1)*-130?
False
Suppose 4*k = 2*h + 8*k + 8, -4*h = 5*k + 7. Is (16/(-24))/(6/(-3771)) - h a multiple of 13?
False
Is 1879 - (45/(-3) - -32) a multiple of 19?
True
Suppose i = 4*p - 3734, -47*p + 43*p + 3736 = -2*i. Is 15 a factor of p?
False
Suppose -4*w = -2*q - 1832, 0*q = 4*w - q - 1828. Let h = w - 642. Let m = 352 + h. Does 17 divide m?
False
Let a be (238/(-85))/((-2)/5). Suppose 3*j + 70 = t, 6*j - a*j + 280 = 4*t. Is 3 a factor of t?
False
Let t be (18/(-1))/((-3)/22). Let n = -78 + t. Suppose -3*l + 2*l + n = 0. Does 6 divide l?
True
Suppose -j - 7774 = -n, -72*j = -n - 75*j + 7758. Does 70 divide n?
True
Let i be (-6)/(-6 + 12) - 2. Does 20 divide (-5 - (-1904)/7) + i/(-1)?
False
Let l = 244 + -244. Suppose -5*u - 319 + 2254 = l. Is 9 a factor of u?
True
Suppose -v - 2*v - 5*u = 115, -4*u + 10 = -v. Let p = v - -40. Let g = p - -22. Is g a multiple of 7?
False
Let j(w) = 43*w**2 + 5*w - 5. Let c be j(-3). Suppose 0 = -3*q + 494 + c. Is q a multiple of 10?
False
Let n(v) = 11*v + 13*v + 11*v + 10. Suppose -53*w + 57*w - 32 = -2*y, 3*y = -2*w + 20. Is 9 a factor of n(y)?
False
Let f(i) = 224*i - 6049. Let a be f(27). Let l(j) = -394*j**2 + 6*j + 5. Let o(d) = -789*d**2 + 11*d + 9. Let k(q) = 7*l(q) - 4*o(q). Is 57 a factor of k(a)?
True
Does 84 divide (5/4)/(41/(-328)) + 36466?
True
Is (-847)/((-4 + -5*(-3)/5)*1) a multiple of 16?
False
Let q = -311 + 316. Suppose 3*n - j = 3341, -6*n - q*j + 2216 = -4*n. Is 21 a factor of n?
True
Suppose j = 3*g - 8*g + 15, -5 = j. Suppose -2*z + 48 = l, -g*l - 16*z = -18*z - 232. Is l a multiple of 14?
True
Let c(n) = n**3 + 13*n**2 + 10*n - 13. Let o be c(-13). Let z = o + 235. Does 28 divide z?
False
Let i(v) = 2*v**2 - v - 10. Let l be (65/(-15))/((3 + -2)/(-18)). Let f = l - 71. Does 18 divide i(f)?
False
Let o(c) = 23 - 6 - 2*c**2 - 18 - 14 + 16*c. Is o(6) a multiple of 3?
True
Suppose -11 = a - 13, 2*x - 2144 = 4*a. Is 11 a factor of x?
False
Let v(g) = -g**3 - 12*g**2 - 14*g - 9. Let r(j) = 4*j + 3. Let x be r(1). Suppose x*n + 75 = 2*n - 4*u, u + 16 = -n. Is 4 a factor of v(n)?
True
Let r(g) = -30*g - 51. Let v be r(4). Let h = -30 - v. Is 47 a factor of h?
True
Suppose -16*t + 15 = -21*t, 0 = 2*v + t - 14401. Does 197 divide v?
False
Let s be 3988/(0 - -4) - (-1 - 1). Let m = s + -530. Suppose 8*u - 1557 = -m. Is u a multiple of 7?
False
Suppose -4*u = -32*r + 29*r + 16316, 0 = 3*r - 3*u - 16314. Suppose 10*j = j + r. Is j a multiple of 11?
False
Let m be (55/10 - -2)*(-138)/(-3). Suppose d - m = -4*a + 904, 0 = -3*a - 3*d + 939. Is a a multiple of 13?
True
Does 49 divide (2*-9 + -1)*(-96040)/280?
True
Let p = 957 - 1796. Let m = p + 1196. Is m a multiple of 51?
True
Let u = -20216 + 20721. Does 101 divide u?
True
Let b(r) = r + 58. Let y be ((-1)/((-8)/12))/(3/(-60)). Is 2 a factor of b(y)?
True
Let a be 429/(-52)*(-16)/6. Let i = a - 17. Suppose -h + 5 = i*n - 5*h, h - 5 = 0. Does 5 divide n?
True
Let m(f) = -f**3 + f + 1. Let p be m(-1). Suppose 11*q - 12*q = -p. Let x = q - -2. Is x a multiple of 3?
True
Let m = -2625 - -2621. Let p(u) be the second derivative of 5*u**4/12 + 2*u**3 + 3*u**2/2 - 2*u. Is p(m) a multiple of 13?
False
Suppose 1032 = -16*r + 22*r. Let c be (-3 - 9)/((-6)/r). Let l = -240 + c. Does 41 divide l?
False
Suppose 405 = 9*r - 63. Suppose -232 = -3*h - r. Let c = -33 + h. Is c a multiple of 9?
True
Let q(u) = 8*u**2 + 55*u + 3. Let o be q(-7). Let h(s) = 7*s**2 - 58*s + 13. Is h(o) a multiple of 9?
False
Suppose -p = 5, -4*y - 5*p + 19456 = 4601. Does 62 divide y?
True
Let c(i) = -23*i + 23. Let m be c(5). Let y = 184 + m. Suppose -7*l = -y - 62. Is 22 a factor of l?
True
Does 107 divide 47977 + (8 - 5)*-1?
False
Suppose 4*d = n - 429, -6*n - 3*d + 2053 = -n. Suppose -82 = -5*w + n. Let g = w - 76. Does 23 divide g?
True
Is 19 a factor of (-2 + 89)/1*(-1 - 119/(-3))?
False
Let r = 2729 - 1263. Let f = 2210 - r. Does 6 divide f?
True
Let m(n) = 5*n**3 + 18*n**2 + 19*n - 9. Let a(b) = 3*b**3 + 12*b**2 + 13*b - 6. Let y(p) = -7*a(p) + 5*m(p). Is 16 a factor of y(2)?
False
Suppose 2*a - 6*a = -8. Suppose -a*z - b + 8 + 12 = 0, 2*z - 36 = -5*b. Suppose z*g = 54 + 58. Is 7 a factor of g?
True
Let w be (6 - 13) + 2/1. Let c(k) = 10*k**2 + 20*k + 20. Is c(w) a multiple of 17?
True
Is 4 a factor of (43396/133 - 21) + -2*(-2)/(-14)?
False
Let w(y) = 19*y + 10 + 13*y + 19. Does 5 divide w(3)?
True
Let j be (-2 - (-6)/(-3)) + 4 - -8. Let a(h) be the second derivative of 5*h**3/6 + 16*h**2 + 9*h. Is 10 a factor of a(j)?
False
Let r = -70 + 72. Let m(a) = 28*a**2 - 5*a + 5. Is 3 a factor of m(r)?
False
Let s(p) = 198*p + 13616. Is 148 a factor of s(0)?
True
Suppose 0 = 3*p - p + 308. Let n = -988 - p. Does 26 divide n/(-8) + 1/(-4)?
True
Does 4 divide (-4)/16 + 10/((-120)/(-1887))?
False
Suppose -84 = -5*m + 12*m. Let r be (m/(-8))/(9/(-12)). Is (4 - 423/r) + 2/(-4) a multiple of 43?
True
Let m(j) = 7*j**2 - 21*j - 35. Let b(v) = -3*v**2 + 10*v + 19. Let u(r) = 11*b(r) + 6*m(r). Suppose -4*q + 8*q - 20 = 0. Is 18 a factor of u(q)?
True
Let i(p) = 2*p**3 + 122*p**2 + 63*p + 325. Does 35 divide i(-60)?
True
Suppose 3*s + 21 = 6*m - 3*m, 3*s + 5*m - 19 = 0. Let y = 23 + s. Suppose -y = -2*f + 5*k, 11*f = 6*f - k + 93. Is 18 a factor of f?
True
Suppose -66904 = 1311*f - 1312*f. Does 31 divide f?
False
Let z(b) = -5*b + 122. Let y be z(24). Suppose 3*s - y*n - 251 = 0, 4*s - 2*n = -219 + 551. Is s a multiple of 22?
False
Let q(o) be the first derivative of o**4/2 + o**3 + 2*o**2 - 10*o - 2. Let m be (-57)/(-18) - 15/(-18). Does 18 divide q(m)?
False
Is 19 a factor of 58341/(7 + -15 + 11)?
False
Is 84 a factor of 1568/6*(750/875 + 1110/28)?
True
Let p(c) = c**2 - 40. Let j be p(-6). Does 6 divide (j + 105 - -7)*(-3)/(-2)?
True
Suppose -4*v + 5*w = 13, 4*v + w - 27 = -2*w. Let m(g) = -g**3 + 7*g - 3. Let 